{"id":1245,"date":"2021-03-15T13:22:19","date_gmt":"2021-03-15T12:22:19","guid":{"rendered":"https:\/\/www.agape.pl\/?page_id=1245"},"modified":"2023-03-22T11:23:00","modified_gmt":"2023-03-22T10:23:00","slug":"spadajace-talerze","status":"publish","type":"page","link":"https:\/\/sites.cru.org\/agapepl\/spadajace-talerze\/","title":{"rendered":"Film Spadaj\u0105ce Talerze"},"content":{"rendered":"\t\t<div data-elementor-type=\"wp-page\" data-elementor-id=\"1245\" class=\"elementor elementor-1245\" data-elementor-post-type=\"page\">\n\t\t\t\t\t\t<header class=\"elementor-section elementor-top-section elementor-element elementor-element-275e5167 elementor-section-content-middle elementor-section-height-min-height elementor-section-full_width elementor-section-height-default elementor-section-items-middle\" data-id=\"275e5167\" data-element_type=\"section\" data-e-type=\"section\" data-settings=\"{&quot;background_background&quot;:&quot;classic&quot;}\">\n\t\t\t\t\t\t<div class=\"elementor-container elementor-column-gap-no\">\n\t\t\t\t\t<div class=\"elementor-column elementor-col-100 elementor-top-column elementor-element elementor-element-1d53c510\" data-id=\"1d53c510\" data-element_type=\"column\" data-e-type=\"column\">\n\t\t\t<div class=\"elementor-widget-wrap elementor-element-populated\">\n\t\t\t\t\t\t<section class=\"elementor-section elementor-inner-section elementor-element elementor-element-4c69c7e8 elementor-section-full_width elementor-section-content-middle elementor-section-height-default elementor-section-height-default\" data-id=\"4c69c7e8\" data-element_type=\"section\" data-e-type=\"section\">\n\t\t\t\t\t\t<div class=\"elementor-container elementor-column-gap-default\">\n\t\t\t\t\t<div class=\"elementor-column elementor-col-50 elementor-inner-column elementor-element elementor-element-41a65aa5\" data-id=\"41a65aa5\" data-element_type=\"column\" data-e-type=\"column\">\n\t\t\t<div class=\"elementor-widget-wrap elementor-element-populated\">\n\t\t\t\t\t\t<div class=\"elementor-element elementor-element-57b9fe3f elementor-nav-menu__align-justify elementor-nav-menu--dropdown-mobile elementor-nav-menu--stretch elementor-nav-menu__text-align-center elementor-nav-menu--toggle elementor-nav-menu--burger elementor-widget elementor-widget-global elementor-global-3611 elementor-widget-nav-menu\" data-id=\"57b9fe3f\" data-element_type=\"widget\" data-e-type=\"widget\" data-settings=\"{&quot;submenu_icon&quot;:{&quot;value&quot;:&quot;fas e-plus-icon&quot;,&quot;library&quot;:&quot;&quot;},&quot;full_width&quot;:&quot;stretch&quot;,&quot;sticky&quot;:&quot;top&quot;,&quot;_animation_mobile&quot;:&quot;none&quot;,&quot;sticky_parent&quot;:&quot;yes&quot;,&quot;layout&quot;:&quot;horizontal&quot;,&quot;toggle&quot;:&quot;burger&quot;,&quot;sticky_on&quot;:[&quot;desktop&quot;,&quot;tablet&quot;,&quot;mobile&quot;],&quot;sticky_offset&quot;:0,&quot;sticky_effects_offset&quot;:0,&quot;sticky_anchor_link_offset&quot;:0}\" data-widget_type=\"nav-menu.default\">\n\t\t\t\t<div class=\"elementor-widget-container\">\n\t\t\t\t\t\t\t\t<nav aria-label=\"Menu\" class=\"elementor-nav-menu--main elementor-nav-menu__container elementor-nav-menu--layout-horizontal e--pointer-overline e--animation-grow\">\n\t\t\t\t<ul id=\"menu-1-57b9fe3f\" class=\"elementor-nav-menu\"><li class=\"menu-item menu-item-type-post_type menu-item-object-page menu-item-home menu-item-7829\"><a href=\"https:\/\/sites.cru.org\/agapepl\/\" class=\"elementor-item menu-link\">strona g\u0142\u00f3wna<\/a><\/li>\n<li class=\"menu-item menu-item-type-post_type menu-item-object-page menu-item-has-children menu-item-1987\"><a aria-expanded=\"false\" href=\"https:\/\/sites.cru.org\/agapepl\/relacja-z-bogiem\/\" class=\"elementor-item menu-link\">Relacja z Bogiem<\/a>\n<ul class=\"sub-menu elementor-nav-menu--dropdown\">\n\t<li class=\"menu-item menu-item-type-post_type menu-item-object-page menu-item-2038\"><a href=\"https:\/\/sites.cru.org\/agapepl\/relacja-z-bogiem\/\" class=\"elementor-sub-item menu-link\">Relacja z Bogiem<\/a><\/li>\n\t<li class=\"menu-item menu-item-type-post_type menu-item-object-page menu-item-1260\"><a href=\"https:\/\/sites.cru.org\/agapepl\/spadajace-talerze\/\" class=\"elementor-sub-item menu-link\">Film Spadaj\u0105ce Talerze<\/a><\/li>\n<\/ul>\n<\/li>\n<li class=\"menu-item menu-item-type-post_type menu-item-object-page menu-item-4158\"><a href=\"https:\/\/sites.cru.org\/agapepl\/ksb\/onas\/\" class=\"elementor-item menu-link\">o nas<\/a><\/li>\n<li class=\"menu-item menu-item-type-post_type menu-item-object-page menu-item-1977\"><a href=\"https:\/\/sites.cru.org\/agapepl\/etrenerzy\/\" class=\"elementor-item menu-link\">E-trenerzy<\/a><\/li>\n<li class=\"menu-item menu-item-type-post_type menu-item-object-page menu-item-186\"><a href=\"https:\/\/sites.cru.org\/agapepl\/kontakt\/\" class=\"elementor-item menu-link\">KONTAKT<\/a><\/li>\n<li class=\"menu-item menu-item-type-post_type menu-item-object-page menu-item-has-children menu-item-29\"><a aria-expanded=\"false\" href=\"https:\/\/sites.cru.org\/agapepl\/ksb\/biblioteka\/\" class=\"elementor-item menu-link\">MATERIA\u0141Y DODATKOWE<\/a>\n<ul class=\"sub-menu elementor-nav-menu--dropdown\">\n\t<li class=\"menu-item menu-item-type-post_type menu-item-object-page menu-item-2041\"><a href=\"https:\/\/sites.cru.org\/agapepl\/ksb\/biblioteka\/\" class=\"elementor-sub-item menu-link\">materia\u0142y dodatkowe<\/a><\/li>\n\t<li class=\"menu-item menu-item-type-post_type menu-item-object-page menu-item-1140\"><a href=\"https:\/\/sites.cru.org\/agapepl\/quizy\/\" class=\"elementor-sub-item menu-link\">Quizy<\/a><\/li>\n\t<li class=\"menu-item menu-item-type-post_type menu-item-object-page menu-item-1094\"><a href=\"https:\/\/sites.cru.org\/agapepl\/tapety\/\" class=\"elementor-sub-item menu-link\">TAPETY NA TELEFON<\/a><\/li>\n\t<li class=\"menu-item menu-item-type-post_type menu-item-object-page menu-item-1095\"><a href=\"https:\/\/sites.cru.org\/agapepl\/pulpit\/\" class=\"elementor-sub-item menu-link\">TAPETY NA PULPIT<\/a><\/li>\n<\/ul>\n<\/li>\n<\/ul>\t\t\t<\/nav>\n\t\t\t\t\t<div class=\"elementor-menu-toggle\" role=\"button\" tabindex=\"0\" aria-label=\"Menu Toggle\" aria-expanded=\"false\">\n\t\t\t<i aria-hidden=\"true\" role=\"presentation\" class=\"elementor-menu-toggle__icon--open eicon-menu-bar\"><\/i><i aria-hidden=\"true\" role=\"presentation\" class=\"elementor-menu-toggle__icon--close eicon-close\"><\/i>\t\t<\/div>\n\t\t\t\t\t<nav class=\"elementor-nav-menu--dropdown elementor-nav-menu__container\" aria-hidden=\"true\">\n\t\t\t\t<ul id=\"menu-2-57b9fe3f\" class=\"elementor-nav-menu\"><li class=\"menu-item menu-item-type-post_type menu-item-object-page menu-item-home menu-item-7829\"><a href=\"https:\/\/sites.cru.org\/agapepl\/\" class=\"elementor-item menu-link\" tabindex=\"-1\">strona g\u0142\u00f3wna<\/a><\/li>\n<li class=\"menu-item menu-item-type-post_type menu-item-object-page menu-item-has-children menu-item-1987\"><a aria-expanded=\"false\" href=\"https:\/\/sites.cru.org\/agapepl\/relacja-z-bogiem\/\" class=\"elementor-item menu-link\" tabindex=\"-1\">Relacja z Bogiem<\/a>\n<ul class=\"sub-menu elementor-nav-menu--dropdown\">\n\t<li class=\"menu-item menu-item-type-post_type menu-item-object-page menu-item-2038\"><a href=\"https:\/\/sites.cru.org\/agapepl\/relacja-z-bogiem\/\" class=\"elementor-sub-item menu-link\" tabindex=\"-1\">Relacja z Bogiem<\/a><\/li>\n\t<li class=\"menu-item menu-item-type-post_type menu-item-object-page menu-item-1260\"><a href=\"https:\/\/sites.cru.org\/agapepl\/spadajace-talerze\/\" class=\"elementor-sub-item menu-link\" tabindex=\"-1\">Film Spadaj\u0105ce Talerze<\/a><\/li>\n<\/ul>\n<\/li>\n<li class=\"menu-item menu-item-type-post_type menu-item-object-page menu-item-4158\"><a href=\"https:\/\/sites.cru.org\/agapepl\/ksb\/onas\/\" class=\"elementor-item menu-link\" tabindex=\"-1\">o nas<\/a><\/li>\n<li class=\"menu-item menu-item-type-post_type menu-item-object-page menu-item-1977\"><a href=\"https:\/\/sites.cru.org\/agapepl\/etrenerzy\/\" class=\"elementor-item menu-link\" tabindex=\"-1\">E-trenerzy<\/a><\/li>\n<li class=\"menu-item menu-item-type-post_type menu-item-object-page menu-item-186\"><a href=\"https:\/\/sites.cru.org\/agapepl\/kontakt\/\" class=\"elementor-item menu-link\" tabindex=\"-1\">KONTAKT<\/a><\/li>\n<li class=\"menu-item menu-item-type-post_type menu-item-object-page menu-item-has-children menu-item-29\"><a aria-expanded=\"false\" href=\"https:\/\/sites.cru.org\/agapepl\/ksb\/biblioteka\/\" class=\"elementor-item menu-link\" tabindex=\"-1\">MATERIA\u0141Y DODATKOWE<\/a>\n<ul class=\"sub-menu elementor-nav-menu--dropdown\">\n\t<li class=\"menu-item menu-item-type-post_type menu-item-object-page menu-item-2041\"><a href=\"https:\/\/sites.cru.org\/agapepl\/ksb\/biblioteka\/\" class=\"elementor-sub-item menu-link\" tabindex=\"-1\">materia\u0142y dodatkowe<\/a><\/li>\n\t<li class=\"menu-item menu-item-type-post_type menu-item-object-page menu-item-1140\"><a href=\"https:\/\/sites.cru.org\/agapepl\/quizy\/\" class=\"elementor-sub-item menu-link\" tabindex=\"-1\">Quizy<\/a><\/li>\n\t<li class=\"menu-item menu-item-type-post_type menu-item-object-page menu-item-1094\"><a href=\"https:\/\/sites.cru.org\/agapepl\/tapety\/\" class=\"elementor-sub-item menu-link\" tabindex=\"-1\">TAPETY NA TELEFON<\/a><\/li>\n\t<li class=\"menu-item menu-item-type-post_type menu-item-object-page menu-item-1095\"><a href=\"https:\/\/sites.cru.org\/agapepl\/pulpit\/\" class=\"elementor-sub-item menu-link\" tabindex=\"-1\">TAPETY NA PULPIT<\/a><\/li>\n<\/ul>\n<\/li>\n<\/ul>\t\t\t<\/nav>\n\t\t\t\t\t\t<\/div>\n\t\t\t\t<\/div>\n\t\t\t\t\t<\/div>\n\t\t<\/div>\n\t\t\t\t<div class=\"elementor-column elementor-col-50 elementor-inner-column elementor-element elementor-element-73741dfc\" data-id=\"73741dfc\" data-element_type=\"column\" data-e-type=\"column\">\n\t\t\t<div class=\"elementor-widget-wrap elementor-element-populated\">\n\t\t\t\t\t\t<div class=\"elementor-element elementor-element-d362514 elementor-hidden-phone elementor-widget__width-auto elementor-absolute elementor-widget elementor-widget-image\" data-id=\"d362514\" data-element_type=\"widget\" data-e-type=\"widget\" data-settings=\"{&quot;_position&quot;:&quot;absolute&quot;,&quot;_animation&quot;:&quot;none&quot;}\" data-widget_type=\"image.default\">\n\t\t\t\t<div class=\"elementor-widget-container\">\n\t\t\t\t\t\t\t\t\t\t\t\t\t\t\t<img decoding=\"async\" src=\"https:\/\/sites.cru.org\/agapepl\/wp-content\/uploads\/sites\/140\/2021\/06\/zdopiskiem.png?w=300\" title=\"zdopiskiem\" alt=\"zdopiskiem\" loading=\"lazy\" \/>\t\t\t\t\t\t\t\t\t\t\t\t\t\t\t<\/div>\n\t\t\t\t<\/div>\n\t\t\t\t\t<\/div>\n\t\t<\/div>\n\t\t\t\t\t<\/div>\n\t\t<\/section>\n\t\t\t\t<div class=\"elementor-element elementor-element-4b2f823d elementor-widget elementor-widget-image\" data-id=\"4b2f823d\" data-element_type=\"widget\" data-e-type=\"widget\" data-widget_type=\"image.default\">\n\t\t\t\t<div class=\"elementor-widget-container\">\n\t\t\t\t\t\t\t\t\t\t\t\t\t\t\t\t<a href=\"https:\/\/www.agape.pl\">\n\t\t\t\t\t\t\t<img fetchpriority=\"high\" decoding=\"async\" width=\"1100\" height=\"293\" src=\"https:\/\/sites.cru.org\/agapepl\/wp-content\/uploads\/sites\/140\/2021\/06\/relacja.jpg\" class=\"attachment-full size-full wp-image-3927\" alt=\"\" srcset=\"https:\/\/sites.cru.org\/agapepl\/wp-content\/uploads\/sites\/140\/2021\/06\/relacja.jpg 1688w, https:\/\/sites.cru.org\/agapepl\/wp-content\/uploads\/sites\/140\/2021\/06\/relacja.jpg?resize=300,80 300w, https:\/\/sites.cru.org\/agapepl\/wp-content\/uploads\/sites\/140\/2021\/06\/relacja.jpg?resize=768,205 768w, https:\/\/sites.cru.org\/agapepl\/wp-content\/uploads\/sites\/140\/2021\/06\/relacja.jpg?resize=1024,273 1024w, https:\/\/sites.cru.org\/agapepl\/wp-content\/uploads\/sites\/140\/2021\/06\/relacja.jpg?resize=1536,409 1536w\" sizes=\"(max-width: 1100px) 100vw, 1100px\" \/>\t\t\t\t\t\t\t\t<\/a>\n\t\t\t\t\t\t\t\t\t\t\t\t\t\t\t<\/div>\n\t\t\t\t<\/div>\n\t\t\t\t\t<\/div>\n\t\t<\/div>\n\t\t\t\t\t<\/div>\n\t\t<\/header>\n\t\t\t\t<section class=\"elementor-section elementor-top-section elementor-element elementor-element-843053e elementor-section-boxed elementor-section-height-default elementor-section-height-default\" data-id=\"843053e\" data-element_type=\"section\" data-e-type=\"section\">\n\t\t\t\t\t\t<div class=\"elementor-container elementor-column-gap-no\">\n\t\t\t\t\t<div class=\"elementor-column elementor-col-100 elementor-top-column elementor-element elementor-element-6e350864\" data-id=\"6e350864\" data-element_type=\"column\" data-e-type=\"column\">\n\t\t\t<div class=\"elementor-widget-wrap elementor-element-populated\">\n\t\t\t\t\t\t<div class=\"elementor-element elementor-element-89a98de elementor-widget elementor-widget-text-editor\" data-id=\"89a98de\" data-element_type=\"widget\" data-e-type=\"widget\" data-widget_type=\"text-editor.default\">\n\t\t\t\t<div class=\"elementor-widget-container\">\n\t\t\t\t\t\t\t\t\t<p><span style=\"font-weight: 400\">Wiara to bliska wi\u0119\u017a z Bogiem. To nie religia, nakazy czy zakazy, ale codzienna relacja z kim\u015b, kto odda\u0142 za ciebie \u017cycie. Obejrzyj kr\u00f3tki film, kt\u00f3ry w zaskakuj\u0105cy spos\u00f3b <\/span><span style=\"font-weight: 400\">zach\u0119ca do poznania Boga lepiej.<\/span><\/p>\t\t\t\t\t\t\t\t<\/div>\n\t\t\t\t<\/div>\n\t\t\t\t<div class=\"elementor-element elementor-element-122e45a elementor-widget elementor-widget-video\" data-id=\"122e45a\" data-element_type=\"widget\" data-e-type=\"widget\" data-settings=\"{&quot;youtube_url&quot;:&quot;https:\\\/\\\/youtu.be\\\/ePxuCOQ_mOk&quot;,&quot;video_type&quot;:&quot;youtube&quot;,&quot;controls&quot;:&quot;yes&quot;}\" data-widget_type=\"video.default\">\n\t\t\t\t<div class=\"elementor-widget-container\">\n\t\t\t\t\t\t\t<div class=\"elementor-wrapper elementor-open-inline\">\n\t\t\t<div class=\"elementor-video\"><\/div>\t\t<\/div>\n\t\t\t\t\t\t<\/div>\n\t\t\t\t<\/div>\n\t\t\t\t<div class=\"elementor-element elementor-element-15bfa1d elementor-widget elementor-widget-text-editor\" data-id=\"15bfa1d\" data-element_type=\"widget\" data-e-type=\"widget\" data-widget_type=\"text-editor.default\">\n\t\t\t\t<div class=\"elementor-widget-container\">\n\t\t\t\t\t\t\t\t\t<p><span style=\"font-weight: 400\">Jak to wynika z tre\u015bci filmu, B\u00f3g nas bezgranicznie kocha i pragnie bliskiej relacji z nami. Jednak ka\u017cdy z nas zgrzeszy\u0142 i przez to nasza przyja\u017a\u0144 z Nim zosta\u0142a zniszczona. Grzech spowodowa\u0142, \u017ce wielka przepa\u015b\u0107 oddziela nas od Boga. Mo\u017cemy stara\u0107 si\u0119 zbli\u017cy\u0107 do Niego, spe\u0142niaj\u0105c wymagania religii, dobre uczynki lub przez moralne \u017cycie. Jednak te wysi\u0142ki s\u0105 nieskuteczne &#8211; grzech, oddzielaj\u0105cy nas od Boga, nadal pozostaje w naszym \u017cyciu.<\/span><\/p><p><span style=\"font-size: 20px;font-weight: 400;color: var( --e-global-color-text );letter-spacing: 0px\">B\u00f3g w swojej mi\u0142o\u015bci znalaz\u0142 rozwi\u0105zanie tego problemu. W osobie Jezusa umar\u0142 na krzy\u017cu, \u017ceby zap\u0142aci\u0107 kar\u0119 za nasze grzechy. Dzi\u0119ki temu przerzuci\u0142 pomost nad przepa\u015bci\u0105, oddzielaj\u0105c\u0105 nas od Niego. Odt\u0105d przyja\u017a\u0144 z Bogiem zn\u00f3w jest mo\u017cliwa.<\/span><\/p><p><span style=\"font-size: 20px;font-weight: 400;color: var( --e-global-color-text );letter-spacing: 0px\">Nie wystarczy jednak o tym wiedzie\u0107. \u017beby zaprzyja\u017ani\u0107 si\u0119 z Bogiem i do\u015bwiadczy\u0107 Jego mi\u0142o\u015bci, musimy uzna\u0107 Jezusa Chrystusa za naszego Z<\/span><span style=\"font-size: 20px;font-weight: 400;color: var( --e-global-color-text );letter-spacing: 0px\">bawiciela i Pana:<\/span><\/p><p><span style=\"font-weight: 400\"> &#8211;<\/span><span style=\"font-weight: 400\">\u00a0Zbawiciela, czyli uwierzy\u0107, \u017ce kara \u015bmierci, kt\u00f3r\u0105 poni\u00f3s\u0142 na krzy\u017cu jest wystarczaj\u0105c\u0105 zap\u0142at\u0105 za nasze grzechy;<\/span><\/p><p><span style=\"font-weight: 400\">&#8211; Pana, czyli uzna\u0107 Go za nasz najwy\u017cszy autorytet, zdecydowa\u0107 si\u0119 Go na\u015bladowa\u0107 i \u017cy\u0107 w zgodzie z Jego wol\u0105.<\/span><\/p><p><span style=\"font-weight: 400\">Je\u015bli chcesz pozna\u0107 bli\u017cej Jezusa i dowiedzie\u0107 si\u0119, jak nawi\u0105za\u0107 z Nim wi\u0119\u017a, zapraszamy do wzi\u0119cia udzia\u0142u w bezp\u0142atnym kursie online <\/span><a href=\"https:\/\/www.agape.pl\/przyjaznzbogiem\/\"><span style=\"font-weight: 400\">Przyja\u017a\u0144 z Bogiem<\/span><\/a><span style=\"font-weight: 400\">. Wsp\u00f3lnie z towarzysz\u0105cym ci e-trenerem odkryjesz, co Ewangelia wg \u015bw. Jana m\u00f3wi o tym, kim jest Jezus, co i dlaczego zrobi\u0142 dla ka\u017cdego cz\u0142owieka i jaki to mo\u017ce mie\u0107 wp\u0142yw na twoje \u017cycie.\u00a0\u00a0<\/span><\/p>\t\t\t\t\t\t\t\t<\/div>\n\t\t\t\t<\/div>\n\t\t\t\t\t<\/div>\n\t\t<\/div>\n\t\t\t\t\t<\/div>\n\t\t<\/section>\n\t\t\t\t<section class=\"elementor-section elementor-top-section elementor-element elementor-element-729449a5 elementor-section-full_width elementor-section-height-default elementor-section-height-default\" data-id=\"729449a5\" data-element_type=\"section\" data-e-type=\"section\">\n\t\t\t\t\t\t<div class=\"elementor-container elementor-column-gap-no\">\n\t\t\t\t\t<div class=\"elementor-column elementor-col-100 elementor-top-column elementor-element elementor-element-685a695f\" data-id=\"685a695f\" data-element_type=\"column\" data-e-type=\"column\">\n\t\t\t<div class=\"elementor-widget-wrap elementor-element-populated\">\n\t\t\t\t\t\t<div class=\"elementor-element elementor-element-2d893ed9 elementor-nav-menu__align-center elementor-nav-menu__text-align-center elementor-nav-menu--dropdown-tablet elementor-nav-menu--toggle elementor-nav-menu--burger elementor-widget elementor-widget-nav-menu\" data-id=\"2d893ed9\" data-element_type=\"widget\" data-e-type=\"widget\" data-settings=\"{&quot;submenu_icon&quot;:{&quot;value&quot;:&quot;&lt;i class=\\&quot;\\&quot; aria-hidden=\\&quot;true\\&quot;&gt;&lt;\\\/i&gt;&quot;,&quot;library&quot;:&quot;&quot;},&quot;layout&quot;:&quot;horizontal&quot;,&quot;toggle&quot;:&quot;burger&quot;}\" data-widget_type=\"nav-menu.default\">\n\t\t\t\t<div class=\"elementor-widget-container\">\n\t\t\t\t\t\t\t\t<nav aria-label=\"Menu\" class=\"elementor-nav-menu--main elementor-nav-menu__container elementor-nav-menu--layout-horizontal e--pointer-underline e--animation-none\">\n\t\t\t\t<ul id=\"menu-1-2d893ed9\" class=\"elementor-nav-menu\"><li class=\"menu-item menu-item-type-post_type menu-item-object-page menu-item-1552\"><a href=\"https:\/\/sites.cru.org\/agapepl\/relacja-z-bogiem\/\" class=\"elementor-item menu-link\">Relacja z Bogiem<\/a><\/li>\n<li class=\"menu-item menu-item-type-post_type menu-item-object-page menu-item-938\"><a href=\"https:\/\/sites.cru.org\/agapepl\/e-trenerzy\/\" class=\"elementor-item menu-link\">Dla e-trener\u00f3w<\/a><\/li>\n<li class=\"menu-item menu-item-type-post_type menu-item-object-page menu-item-4306\"><a href=\"https:\/\/sites.cru.org\/agapepl\/kontakt\/\" class=\"elementor-item menu-link\">kontakt<\/a><\/li>\n<li class=\"menu-item menu-item-type-custom menu-item-object-custom menu-item-1553\"><a href=\"https:\/\/www.facebook.com\/kursyAGAPE\" class=\"elementor-item menu-link\">Jeste\u015bmy na FACEBOOKu<\/a><\/li>\n<li class=\"menu-item menu-item-type-post_type menu-item-object-page menu-item-215\"><a href=\"https:\/\/sites.cru.org\/agapepl\/polityka-prywatnosci\/\" class=\"elementor-item menu-link\">Polityka prywatno\u015bci<\/a><\/li>\n<\/ul>\t\t\t<\/nav>\n\t\t\t\t\t<div class=\"elementor-menu-toggle\" role=\"button\" tabindex=\"0\" aria-label=\"Menu Toggle\" aria-expanded=\"false\">\n\t\t\t<i aria-hidden=\"true\" role=\"presentation\" class=\"elementor-menu-toggle__icon--open eicon-menu-bar\"><\/i><i aria-hidden=\"true\" role=\"presentation\" class=\"elementor-menu-toggle__icon--close eicon-close\"><\/i>\t\t<\/div>\n\t\t\t\t\t<nav class=\"elementor-nav-menu--dropdown elementor-nav-menu__container\" aria-hidden=\"true\">\n\t\t\t\t<ul id=\"menu-2-2d893ed9\" class=\"elementor-nav-menu\"><li class=\"menu-item menu-item-type-post_type menu-item-object-page menu-item-1552\"><a href=\"https:\/\/sites.cru.org\/agapepl\/relacja-z-bogiem\/\" class=\"elementor-item menu-link\" tabindex=\"-1\">Relacja z Bogiem<\/a><\/li>\n<li class=\"menu-item menu-item-type-post_type menu-item-object-page menu-item-938\"><a href=\"https:\/\/sites.cru.org\/agapepl\/e-trenerzy\/\" class=\"elementor-item menu-link\" tabindex=\"-1\">Dla e-trener\u00f3w<\/a><\/li>\n<li class=\"menu-item menu-item-type-post_type menu-item-object-page menu-item-4306\"><a href=\"https:\/\/sites.cru.org\/agapepl\/kontakt\/\" class=\"elementor-item menu-link\" tabindex=\"-1\">kontakt<\/a><\/li>\n<li class=\"menu-item menu-item-type-custom menu-item-object-custom menu-item-1553\"><a href=\"https:\/\/www.facebook.com\/kursyAGAPE\" class=\"elementor-item menu-link\" tabindex=\"-1\">Jeste\u015bmy na FACEBOOKu<\/a><\/li>\n<li class=\"menu-item menu-item-type-post_type menu-item-object-page menu-item-215\"><a href=\"https:\/\/sites.cru.org\/agapepl\/polityka-prywatnosci\/\" class=\"elementor-item menu-link\" tabindex=\"-1\">Polityka prywatno\u015bci<\/a><\/li>\n<\/ul>\t\t\t<\/nav>\n\t\t\t\t\t\t<\/div>\n\t\t\t\t<\/div>\n\t\t\t\t<div class=\"elementor-element elementor-element-7ae5fda0 elementor-widget elementor-widget-global elementor-global-4598 elementor-widget-text-editor\" data-id=\"7ae5fda0\" data-element_type=\"widget\" data-e-type=\"widget\" data-widget_type=\"text-editor.default\">\n\t\t\t\t<div class=\"elementor-widget-container\">\n\t\t\t\t\t\t\t\t\t<p style=\"text-align: center\">Copyright \u00a9 2024 <span class=\"s1\">Ruch Chrze\u015bcija\u0144ski Mt28 Wszelkie prawa zastrze\u017cone.<\/span><\/p>\t\t\t\t\t\t\t\t<\/div>\n\t\t\t\t<\/div>\n\t\t\t\t\t<\/div>\n\t\t<\/div>\n\t\t\t\t\t<\/div>\n\t\t<\/section>\n\t\t\t\t<\/div>\n\t\t","protected":false},"excerpt":{"rendered":"<p>Wiara to bliska wi\u0119\u017a z Bogiem. To nie religia, nakazy czy zakazy, ale codzienna relacja z kim\u015b, kto odda\u0142 za ciebie \u017cycie. Obejrzyj kr\u00f3tki film, kt\u00f3ry w zaskakuj\u0105cy spos\u00f3b zach\u0119ca do poznania Boga lepiej. https:\/\/youtu.be\/ePxuCOQ_mOk Jak to wynika z tre\u015bci filmu, B\u00f3g nas bezgranicznie kocha i pragnie bliskiej relacji z nami. Jednak ka\u017cdy z nas [&hellip;]<\/p>\n","protected":false},"author":15074,"featured_media":0,"parent":0,"menu_order":0,"comment_status":"closed","ping_status":"closed","template":"","meta":{"_acf_changed":false,"inline_featured_image":false,"site-sidebar-layout":"default","site-content-layout":"","ast-site-content-layout":"default","site-content-style":"default","site-sidebar-style":"default","ast-global-header-display":"","ast-banner-title-visibility":"","ast-main-header-display":"","ast-hfb-above-header-display":"","ast-hfb-below-header-display":"","ast-hfb-mobile-header-display":"","site-post-title":"","ast-breadcrumbs-content":"","ast-featured-img":"","footer-sml-layout":"","ast-disable-related-posts":"","theme-transparent-header-meta":"","adv-header-id-meta":"","stick-header-meta":"","header-above-stick-meta":"","header-main-stick-meta":"","header-below-stick-meta":"","astra-migrate-meta-layouts":"default","ast-page-background-enabled":"default","ast-page-background-meta":{"desktop":{"background-color":"","background-image":"","background-repeat":"repeat","background-position":"center center","background-size":"auto","background-attachment":"scroll","background-type":"","background-media":"","overlay-type":"","overlay-color":"","overlay-opacity":"","overlay-gradient":""},"tablet":{"background-color":"","background-image":"","background-repeat":"repeat","background-position":"center center","background-size":"auto","background-attachment":"scroll","background-type":"","background-media":"","overlay-type":"","overlay-color":"","overlay-opacity":"","overlay-gradient":""},"mobile":{"background-color":"","background-image":"","background-repeat":"repeat","background-position":"center center","background-size":"auto","background-attachment":"scroll","background-type":"","background-media":"","overlay-type":"","overlay-color":"","overlay-opacity":"","overlay-gradient":""}},"ast-content-background-meta":{"desktop":{"background-color":"var(--ast-global-color-5)","background-image":"","background-repeat":"repeat","background-position":"center center","background-size":"auto","background-attachment":"scroll","background-type":"","background-media":"","overlay-type":"","overlay-color":"","overlay-opacity":"","overlay-gradient":""},"tablet":{"background-color":"var(--ast-global-color-5)","background-image":"","background-repeat":"repeat","background-position":"center center","background-size":"auto","background-attachment":"scroll","background-type":"","background-media":"","overlay-type":"","overlay-color":"","overlay-opacity":"","overlay-gradient":""},"mobile":{"background-color":"var(--ast-global-color-5)","background-image":"","background-repeat":"repeat","background-position":"center center","background-size":"auto","background-attachment":"scroll","background-type":"","background-media":"","overlay-type":"","overlay-color":"","overlay-opacity":"","overlay-gradient":""}},"footnotes":""},"class_list":["post-1245","page","type-page","status-publish","hentry"],"acf":[],"jetpack_sharing_enabled":true,"meta_box":{"_cloudsearch_visibility":""},"_links":{"self":[{"href":"https:\/\/sites.cru.org\/agapepl\/wp-json\/wp\/v2\/pages\/1245","targetHints":{"allow":["GET"]}}],"collection":[{"href":"https:\/\/sites.cru.org\/agapepl\/wp-json\/wp\/v2\/pages"}],"about":[{"href":"https:\/\/sites.cru.org\/agapepl\/wp-json\/wp\/v2\/types\/page"}],"author":[{"embeddable":true,"href":"https:\/\/sites.cru.org\/agapepl\/wp-json\/wp\/v2\/users\/15074"}],"replies":[{"embeddable":true,"href":"https:\/\/sites.cru.org\/agapepl\/wp-json\/wp\/v2\/comments?post=1245"}],"version-history":[{"count":103,"href":"https:\/\/sites.cru.org\/agapepl\/wp-json\/wp\/v2\/pages\/1245\/revisions"}],"predecessor-version":[{"id":8792,"href":"https:\/\/sites.cru.org\/agapepl\/wp-json\/wp\/v2\/pages\/1245\/revisions\/8792"}],"wp:attachment":[{"href":"https:\/\/sites.cru.org\/agapepl\/wp-json\/wp\/v2\/media?parent=1245"}],"curies":[{"name":"wp","href":"https:\/\/api.w.org\/{rel}","templated":true}]}}